{"id":2694,"date":"2015-03-31T16:38:28","date_gmt":"2015-03-31T14:38:28","guid":{"rendered":"http:\/\/178.62.76.205\/CEIS\/?page_id=2694"},"modified":"2015-06-10T19:10:31","modified_gmt":"2015-06-10T17:10:31","slug":"articulos-tecnicos","status":"publish","type":"page","link":"https:\/\/www.ceismurcia.org\/?page_id=2694","title":{"rendered":"Art\u00edculos t\u00e9cnicos"},"content":{"rendered":"<ul>\n<li><strong><a href=\"https:\/\/www.ceismurcia.org\/wp-content\/uploads\/2015\/06\/ARTICULO-CHEMA.pdf\">Incendio de chimenea por acumulaci\u00f3n de creosota<\/a>\u00a0 \u00a0 \u00a0 \u00a0 \u00a0 \u00a0 \u00a0 por Jos\u00e9 Mar\u00eda Garc\u00eda P\u00e9rez<\/strong><\/li>\n<\/ul>\n","protected":false},"excerpt":{"rendered":"<p>Incendio de chimenea por acumulaci\u00f3n de creosota\u00a0 \u00a0 \u00a0 \u00a0 \u00a0 \u00a0 \u00a0 por Jos\u00e9 Mar\u00eda Garc\u00eda P\u00e9rez<\/p>\n","protected":false},"author":1,"featured_media":0,"parent":6553,"menu_order":0,"comment_status":"closed","ping_status":"closed","template":"","meta":{"footnotes":""},"class_list":["post-2694","page","type-page","status-publish","hentry"],"_links":{"self":[{"href":"https:\/\/www.ceismurcia.org\/index.php?rest_route=\/wp\/v2\/pages\/2694","targetHints":{"allow":["GET"]}}],"collection":[{"href":"https:\/\/www.ceismurcia.org\/index.php?rest_route=\/wp\/v2\/pages"}],"about":[{"href":"https:\/\/www.ceismurcia.org\/index.php?rest_route=\/wp\/v2\/types\/page"}],"author":[{"embeddable":true,"href":"https:\/\/www.ceismurcia.org\/index.php?rest_route=\/wp\/v2\/users\/1"}],"replies":[{"embeddable":true,"href":"https:\/\/www.ceismurcia.org\/index.php?rest_route=%2Fwp%2Fv2%2Fcomments&post=2694"}],"version-history":[{"count":4,"href":"https:\/\/www.ceismurcia.org\/index.php?rest_route=\/wp\/v2\/pages\/2694\/revisions"}],"predecessor-version":[{"id":6658,"href":"https:\/\/www.ceismurcia.org\/index.php?rest_route=\/wp\/v2\/pages\/2694\/revisions\/6658"}],"up":[{"embeddable":true,"href":"https:\/\/www.ceismurcia.org\/index.php?rest_route=\/wp\/v2\/pages\/6553"}],"wp:attachment":[{"href":"https:\/\/www.ceismurcia.org\/index.php?rest_route=%2Fwp%2Fv2%2Fmedia&parent=2694"}],"curies":[{"name":"wp","href":"https:\/\/api.w.org\/{rel}","templated":true}]}}