{"id":4423,"date":"2015-03-31T21:47:14","date_gmt":"2015-03-31T21:47:14","guid":{"rendered":"http:\/\/178.62.76.205\/CEIS\/?page_id=4423"},"modified":"2015-06-10T17:31:35","modified_gmt":"2015-06-10T15:31:35","slug":"prevencion-ciudadana","status":"publish","type":"page","link":"https:\/\/www.ceismurcia.org\/?page_id=4423","title":{"rendered":"Prevenci\u00f3n ciudadana"},"content":{"rendered":"<ul class=\"children\">\n<li class=\"page_item page-item-4444\"><a href=\"https:\/\/www.ceismurcia.org\/?page_id=4444\">Autoprotecci\u00f3n ante fuertes vientos<\/a><\/li>\n<li class=\"page_item page-item-4456\"><a href=\"https:\/\/www.ceismurcia.org\/?page_id=4456\">Autoprotecci\u00f3n ante inundaciones y lluvias intensa<\/a><\/li>\n<li class=\"page_item page-item-4446\"><a href=\"https:\/\/www.ceismurcia.org\/?page_id=4446\">Autoprotecci\u00f3n ante terremotos<\/a><\/li>\n<li class=\"page_item page-item-4454\"><a href=\"https:\/\/www.ceismurcia.org\/?page_id=4454\">Autoprotecci\u00f3n antes tormentas<\/a><\/li>\n<li class=\"page_item page-item-4458\"><a href=\"https:\/\/www.ceismurcia.org\/?page_id=4458\">Prevenci\u00f3n incendios en el hogar<\/a><\/li>\n<li class=\"page_item page-item-4460\"><a href=\"https:\/\/www.ceismurcia.org\/?page_id=4460\">Prevenci\u00f3n y actuaci\u00f3n en incendios forestales<\/a><\/li>\n<li class=\"page_item page-item-4464\"><a href=\"https:\/\/www.ceismurcia.org\/?page_id=4464\">\u00bfQu\u00e9 hacer en caso de quemaduras?<\/a><\/li>\n<li class=\"page_item page-item-4462\"><a href=\"https:\/\/www.ceismurcia.org\/?page_id=4462\">\u00bfQu\u00e9 hago en caso de incendio en el hogar?<\/a><\/li>\n<\/ul>\n","protected":false},"excerpt":{"rendered":"<p>Autoprotecci\u00f3n ante fuertes vientos Autoprotecci\u00f3n ante inundaciones y lluvias intensa Autoprotecci\u00f3n ante terremotos Autoprotecci\u00f3n antes tormentas Prevenci\u00f3n incendios en el hogar Prevenci\u00f3n y actuaci\u00f3n en incendios forestales \u00bfQu\u00e9 hacer en caso de quemaduras? \u00bfQu\u00e9 hago en caso de incendio en el hogar?<\/p>\n","protected":false},"author":1,"featured_media":0,"parent":2678,"menu_order":0,"comment_status":"open","ping_status":"closed","template":"","meta":{"footnotes":""},"class_list":["post-4423","page","type-page","status-publish","hentry"],"_links":{"self":[{"href":"https:\/\/www.ceismurcia.org\/index.php?rest_route=\/wp\/v2\/pages\/4423","targetHints":{"allow":["GET"]}}],"collection":[{"href":"https:\/\/www.ceismurcia.org\/index.php?rest_route=\/wp\/v2\/pages"}],"about":[{"href":"https:\/\/www.ceismurcia.org\/index.php?rest_route=\/wp\/v2\/types\/page"}],"author":[{"embeddable":true,"href":"https:\/\/www.ceismurcia.org\/index.php?rest_route=\/wp\/v2\/users\/1"}],"replies":[{"embeddable":true,"href":"https:\/\/www.ceismurcia.org\/index.php?rest_route=%2Fwp%2Fv2%2Fcomments&post=4423"}],"version-history":[{"count":3,"href":"https:\/\/www.ceismurcia.org\/index.php?rest_route=\/wp\/v2\/pages\/4423\/revisions"}],"predecessor-version":[{"id":6649,"href":"https:\/\/www.ceismurcia.org\/index.php?rest_route=\/wp\/v2\/pages\/4423\/revisions\/6649"}],"up":[{"embeddable":true,"href":"https:\/\/www.ceismurcia.org\/index.php?rest_route=\/wp\/v2\/pages\/2678"}],"wp:attachment":[{"href":"https:\/\/www.ceismurcia.org\/index.php?rest_route=%2Fwp%2Fv2%2Fmedia&parent=4423"}],"curies":[{"name":"wp","href":"https:\/\/api.w.org\/{rel}","templated":true}]}}