{"id":4438,"date":"2015-03-31T21:51:17","date_gmt":"2015-03-31T21:51:17","guid":{"rendered":"http:\/\/178.62.76.205\/CEIS\/?page_id=4438"},"modified":"2015-04-23T19:49:21","modified_gmt":"2015-04-23T19:49:21","slug":"galeria-de-imagenes","status":"publish","type":"page","link":"https:\/\/www.ceismurcia.org\/?page_id=4438","title":{"rendered":"Galer\u00eda de im\u00e1genes"},"content":{"rendered":"<div id=\"attachment_6482\" style=\"width: 235px\" class=\"wp-caption aligncenter\"><a href=\"http:\/\/178.62.76.205\/CEIS\/wp-content\/uploads\/2015\/03\/Los_bomberos_Project_3653_Day_23.jpg\"><img loading=\"lazy\" decoding=\"async\" aria-describedby=\"caption-attachment-6482\" class=\" wp-image-6482\" src=\"http:\/\/178.62.76.205\/CEIS\/wp-content\/uploads\/2015\/03\/Los_bomberos_Project_3653_Day_23-213x300.jpg\" alt=\"Cami\u00f3n Mercedes Benz Unimog BFP del Consorcio\" width=\"225\" height=\"317\" srcset=\"https:\/\/www.ceismurcia.org\/wp-content\/uploads\/2015\/03\/Los_bomberos_Project_3653_Day_23-213x300.jpg 213w, https:\/\/www.ceismurcia.org\/wp-content\/uploads\/2015\/03\/Los_bomberos_Project_3653_Day_23-726x1024.jpg 726w, https:\/\/www.ceismurcia.org\/wp-content\/uploads\/2015\/03\/Los_bomberos_Project_3653_Day_23-133x187.jpg 133w, https:\/\/www.ceismurcia.org\/wp-content\/uploads\/2015\/03\/Los_bomberos_Project_3653_Day_23-1170x1650.jpg 1170w\" sizes=\"auto, (max-width: 225px) 100vw, 225px\" \/><\/a><p id=\"caption-attachment-6482\" class=\"wp-caption-text\">Cami\u00f3n Mercedes Benz Unimog BFP del Consorcio<\/p><\/div>\n<div id=\"attachment_6485\" style=\"width: 310px\" class=\"wp-caption aligncenter\"><a href=\"http:\/\/178.62.76.205\/CEIS\/wp-content\/uploads\/2015\/03\/8776-heli3.jpg\"><img loading=\"lazy\" decoding=\"async\" aria-describedby=\"caption-attachment-6485\" class=\"size-medium wp-image-6485\" src=\"http:\/\/178.62.76.205\/CEIS\/wp-content\/uploads\/2015\/03\/8776-heli3-300x225.jpg\" alt=\"Ejercicio pr\u00e1ctico del Grupo A\u00e9reo de Rescate del Consorcio de Extinci\u00f3n de Incendios de la Regi\u00f3n de Murcia\" width=\"300\" height=\"225\" srcset=\"https:\/\/www.ceismurcia.org\/wp-content\/uploads\/2015\/03\/8776-heli3-300x225.jpg 300w, https:\/\/www.ceismurcia.org\/wp-content\/uploads\/2015\/03\/8776-heli3.jpg 1024w, https:\/\/www.ceismurcia.org\/wp-content\/uploads\/2015\/03\/8776-heli3-249x187.jpg 249w\" sizes=\"auto, (max-width: 300px) 100vw, 300px\" \/><\/a><p id=\"caption-attachment-6485\" class=\"wp-caption-text\">Ejercicio pr\u00e1ctico del Grupo A\u00e9reo de Rescate del Consorcio de Extinci\u00f3n de Incendios de la Regi\u00f3n de Murcia<\/p><\/div>\n<div id=\"attachment_6487\" style=\"width: 310px\" class=\"wp-caption aligncenter\"><a href=\"http:\/\/178.62.76.205\/CEIS\/wp-content\/uploads\/2015\/03\/050520081558111.jpg\"><img loading=\"lazy\" decoding=\"async\" aria-describedby=\"caption-attachment-6487\" class=\"size-medium wp-image-6487\" src=\"http:\/\/178.62.76.205\/CEIS\/wp-content\/uploads\/2015\/03\/050520081558111-300x200.jpg\" alt=\"Rescate en accidentes de tr\u00e1fico\" width=\"300\" height=\"200\" srcset=\"https:\/\/www.ceismurcia.org\/wp-content\/uploads\/2015\/03\/050520081558111-300x200.jpg 300w, https:\/\/www.ceismurcia.org\/wp-content\/uploads\/2015\/03\/050520081558111-280x187.jpg 280w, https:\/\/www.ceismurcia.org\/wp-content\/uploads\/2015\/03\/050520081558111.jpg 620w\" sizes=\"auto, (max-width: 300px) 100vw, 300px\" \/><\/a><p id=\"caption-attachment-6487\" class=\"wp-caption-text\">Rescate en accidentes de tr\u00e1fico<\/p><\/div>\n<div id=\"attachment_6489\" style=\"width: 310px\" class=\"wp-caption aligncenter\"><a href=\"http:\/\/178.62.76.205\/CEIS\/wp-content\/uploads\/2015\/03\/300620081357201.jpg\"><img loading=\"lazy\" decoding=\"async\" aria-describedby=\"caption-attachment-6489\" class=\"size-medium wp-image-6489\" src=\"http:\/\/178.62.76.205\/CEIS\/wp-content\/uploads\/2015\/03\/300620081357201-300x200.jpg\" alt=\"Bomberos del Consorcio junto a la sede en Murcia\" width=\"300\" height=\"200\" \/><\/a><p id=\"caption-attachment-6489\" class=\"wp-caption-text\">Bomberos del Consorcio junto a la sede en Murcia<\/p><\/div>\n","protected":false},"excerpt":{"rendered":"","protected":false},"author":1,"featured_media":0,"parent":2682,"menu_order":0,"comment_status":"open","ping_status":"closed","template":"","meta":{"footnotes":""},"class_list":["post-4438","page","type-page","status-publish","hentry"],"_links":{"self":[{"href":"https:\/\/www.ceismurcia.org\/index.php?rest_route=\/wp\/v2\/pages\/4438","targetHints":{"allow":["GET"]}}],"collection":[{"href":"https:\/\/www.ceismurcia.org\/index.php?rest_route=\/wp\/v2\/pages"}],"about":[{"href":"https:\/\/www.ceismurcia.org\/index.php?rest_route=\/wp\/v2\/types\/page"}],"author":[{"embeddable":true,"href":"https:\/\/www.ceismurcia.org\/index.php?rest_route=\/wp\/v2\/users\/1"}],"replies":[{"embeddable":true,"href":"https:\/\/www.ceismurcia.org\/index.php?rest_route=%2Fwp%2Fv2%2Fcomments&post=4438"}],"version-history":[{"count":7,"href":"https:\/\/www.ceismurcia.org\/index.php?rest_route=\/wp\/v2\/pages\/4438\/revisions"}],"predecessor-version":[{"id":6490,"href":"https:\/\/www.ceismurcia.org\/index.php?rest_route=\/wp\/v2\/pages\/4438\/revisions\/6490"}],"up":[{"embeddable":true,"href":"https:\/\/www.ceismurcia.org\/index.php?rest_route=\/wp\/v2\/pages\/2682"}],"wp:attachment":[{"href":"https:\/\/www.ceismurcia.org\/index.php?rest_route=%2Fwp%2Fv2%2Fmedia&parent=4438"}],"curies":[{"name":"wp","href":"https:\/\/api.w.org\/{rel}","templated":true}]}}