{"id":4446,"date":"2015-03-31T21:53:00","date_gmt":"2015-03-31T21:53:00","guid":{"rendered":"http:\/\/178.62.76.205\/CEIS\/?page_id=4446"},"modified":"2015-04-23T16:42:43","modified_gmt":"2015-04-23T16:42:43","slug":"autoproteccion-ante-terremotos","status":"publish","type":"page","link":"https:\/\/www.ceismurcia.org\/?page_id=4446","title":{"rendered":"Autoprotecci\u00f3n ante terremotos"},"content":{"rendered":"<p>Medidas de Autoprotecci\u00f3n en el caso de:<\/p>\n<p><strong>Terremoto<\/strong><\/p>\n<hr \/>\n<p>&nbsp;<\/p>\n<p>Conocer las medidas de autoprotecci\u00f3n pueden minimizar los da\u00f1os personales.<\/p>\n<p>El CEIS aconseja en caso de que se vea sorprendido por un se\u00edsmo:<\/p>\n<p>Si est\u00e1 en el interior de un edificio es importante<\/p>\n<p>-Buscar refugio debajo de los dinteles de las puertas o de alg\u00fan mueble s\u00f3lido, como mesas o escritorios, o bien, junto a un pilar o pared maestra.<\/p>\n<p>-Mantenerse alejado de ventanas, cristaleras, vitrinas, tabiques y objetos que pueden caerse y llegar a golpearle.<\/p>\n<p>-No utilizar el ascensor, ya que los efectos del terremoto podr\u00edan provocar su desplome o quedar atrapado en su interior.<\/p>\n<p>-Utilizar linternas para el alumbrado y evitar el uso de velas, cerillas, o cualquier tipo de llama durante o inmediatamente despu\u00e9s del temblor, que puedan provocar una explosi\u00f3n o incendio.<\/p>\n<p>Si la sacudida le sorprende en el exterior es conveniente<\/p>\n<p>-Ir hacia un \u00e1rea abierta, alej\u00e1ndose de los edificios da\u00f1ados. despu\u00e9s de un gran terremoto, siguen otros m\u00e1s peque\u00f1os denominados r\u00e9plicas que pueden ser lo suficientemente fuertes como para causar destrozos adicionales.<\/p>\n<p>-Procurar no acercarse ni penetrar en edificios da\u00f1ados. El peligro mayor por ca\u00edda de escombros, revestimientos, cristales, etc., est\u00e1 en la vertical de las fachadas.<\/p>\n<p>-Si se est\u00e1 circulando en coche, es aconsejable permanecer dentro del veh\u00edculo, as\u00ed como tener la precauci\u00f3n de alejarse de puentes, postes el\u00e9ctricos, edificios degradados o zonas de desprendimientos.<\/p>\n<p>Asimismo, CEIS recomienda a los afectados que intenten responder a las llamadas de ayuda y colaborar con los Servicios intervinientes, pero que no acuda a las zonas afectadas sin que lo soliciten las autoridades. Es importante evitar curiosear por las zonas siniestradas; esto es peligroso y adem\u00e1s dificultar\u00e1 las labores de rehabilitaci\u00f3n.<\/p>\n<p>Medidas preventivas<br \/>\nSi vive en una zona susceptible de sufrir un terremoto, conviene adem\u00e1s adoptar una serie de medidas preventivas en relaci\u00f3n con la estructura del edificio y del interior de la vivienda:<\/p>\n<p>-Revisar, controlar y reforzar el estado de aquellas partes de las edificaciones que primero se pueden desprender, como chimeneas, aleros o balcones.<\/p>\n<p>-Revisar, asimismo, aquellas instalaciones que pueden romperse: tendido el\u00e9ctrico, conducciones de agua, gas y saneamientos.<\/p>\n<p>-Extremar las precauciones en cuanto a la colocaci\u00f3n y sujeci\u00f3n de algunos objetos que pueden caerse, en especial los pesados y los que pueden romperse como l\u00e1mparas, espejos, botellas, etc.<\/p>\n<p>-Tener un especial cuidado con la ubicaci\u00f3n de los productos t\u00f3xicos o inflamables, a fin de evitar que se produzcan fugas o derrames.<\/p>\n","protected":false},"excerpt":{"rendered":"<p>Medidas de Autoprotecci\u00f3n en el caso de: Terremoto &nbsp; Conocer las medidas de autoprotecci\u00f3n pueden minimizar los da\u00f1os personales. El CEIS aconseja en caso de que se vea sorprendido por un se\u00edsmo: Si est\u00e1 en el interior de un edificio es importante -Buscar refugio debajo de los dinteles de las puertas o de alg\u00fan mueble<\/p>\n","protected":false},"author":1,"featured_media":0,"parent":4423,"menu_order":0,"comment_status":"open","ping_status":"closed","template":"","meta":{"footnotes":""},"class_list":["post-4446","page","type-page","status-publish","hentry"],"_links":{"self":[{"href":"https:\/\/www.ceismurcia.org\/index.php?rest_route=\/wp\/v2\/pages\/4446","targetHints":{"allow":["GET"]}}],"collection":[{"href":"https:\/\/www.ceismurcia.org\/index.php?rest_route=\/wp\/v2\/pages"}],"about":[{"href":"https:\/\/www.ceismurcia.org\/index.php?rest_route=\/wp\/v2\/types\/page"}],"author":[{"embeddable":true,"href":"https:\/\/www.ceismurcia.org\/index.php?rest_route=\/wp\/v2\/users\/1"}],"replies":[{"embeddable":true,"href":"https:\/\/www.ceismurcia.org\/index.php?rest_route=%2Fwp%2Fv2%2Fcomments&post=4446"}],"version-history":[{"count":2,"href":"https:\/\/www.ceismurcia.org\/index.php?rest_route=\/wp\/v2\/pages\/4446\/revisions"}],"predecessor-version":[{"id":6469,"href":"https:\/\/www.ceismurcia.org\/index.php?rest_route=\/wp\/v2\/pages\/4446\/revisions\/6469"}],"up":[{"embeddable":true,"href":"https:\/\/www.ceismurcia.org\/index.php?rest_route=\/wp\/v2\/pages\/4423"}],"wp:attachment":[{"href":"https:\/\/www.ceismurcia.org\/index.php?rest_route=%2Fwp%2Fv2%2Fmedia&parent=4446"}],"curies":[{"name":"wp","href":"https:\/\/api.w.org\/{rel}","templated":true}]}}