{"id":4458,"date":"2015-03-31T22:05:30","date_gmt":"2015-03-31T22:05:30","guid":{"rendered":"http:\/\/178.62.76.205\/CEIS\/?page_id=4458"},"modified":"2015-04-23T21:14:17","modified_gmt":"2015-04-23T21:14:17","slug":"prevencion-incendios-en-el-hogar","status":"publish","type":"page","link":"https:\/\/www.ceismurcia.org\/?page_id=4458","title":{"rendered":"Prevenci\u00f3n incendios en el hogar"},"content":{"rendered":"<p><a href=\"http:\/\/178.62.76.205\/CEIS\/wp-content\/uploads\/2015\/03\/las-10-principales-causas-de1.jpg\" class=\"hoverBorder alignnone\"><img loading=\"lazy\" decoding=\"async\" class=\"  wp-image-6502\" src=\"http:\/\/178.62.76.205\/CEIS\/wp-content\/uploads\/2015\/03\/las-10-principales-causas-de1-300x168.jpg\" alt=\"las-10-principales-causas-de1\" width=\"362\" height=\"203\" srcset=\"https:\/\/www.ceismurcia.org\/wp-content\/uploads\/2015\/03\/las-10-principales-causas-de1-300x168.jpg 300w, https:\/\/www.ceismurcia.org\/wp-content\/uploads\/2015\/03\/las-10-principales-causas-de1-280x156.jpg 280w, https:\/\/www.ceismurcia.org\/wp-content\/uploads\/2015\/03\/las-10-principales-causas-de1.jpg 510w\" sizes=\"auto, (max-width: 362px) 100vw, 362px\" \/><\/a><\/p>\n<p>El Consorcio de Extinci\u00f3n de Incendios y Salvamento de la Regi\u00f3n de Murcia atender\u00e1 cualquier incendio que se produzca dentro de su \u00e1mbito de actuaci\u00f3n y cuya magnitud sea suficiente para tener que acudir al lugar, pero tomando las medidas oportunas usted puede hacer que no se produzca.<\/p>\n<p>Usted puede hacer antes de que se produzca el incendio:<\/p>\n<ul class=\"lista_normal\">\n<li>Instalar en su casa un detector de humos, dar\u00e1 la alarma de incendio con el tiempo suficiente para actuar antes de que sea demasiado tarde.<\/li>\n<li>Tener un extintor port\u00e1til en casa y aprender a usarlo, de forma que un incendio de peque\u00f1a magnitud pueda ser extinguido por usted mismo. Debe colocarlo en lugar visible y de f\u00e1cil acceso. Aseg\u00farese de su funcionamiento y de que se encuentra siempre cargado.<\/li>\n<li>Revise la instalaci\u00f3n el\u00e9ctrica y cambie los cables estropeados. Evitar los empalmes provisionales. <strong>No\u00a0<\/strong>sobrecargue los enchufes con aparatos el\u00e9ctricos. Evite dejar los aparatos el\u00e9ctricos encendidos durante mucho tiempo. En caso de que salga humo de un aparato el\u00e9ctrico, desench\u00fafelo.<\/li>\n<li><strong>No<\/strong> deposite objetos encima de la placa de la cocina. Evite que los ni\u00f1os manipulen los mandos.<\/li>\n<li>Los escapes de gas pueden producir explosiones. Almacene las bombonas de butano al aire libre. Revise y cambie peri\u00f3dicamente las gomas y abrazaderas. Cierre las llaves de gas por la noche. Si percibe olor a gas, no encienda ning\u00fan fuego ni aparato el\u00e9ctrico.<\/li>\n<li>Los descuidos de los fumadores causan incendios. Coloque ceniceros grandes y profundos; sin son de agua, mejor. No fume en la cama y moje las colillas antes de tirarlas a la basura. Revise los lugares donde alguien haya estado fumando.<\/li>\n<li><strong>No<\/strong> utilice radiadores como secadores de la ropa.<\/li>\n<\/ul>\n","protected":false},"excerpt":{"rendered":"<p>El Consorcio de Extinci\u00f3n de Incendios y Salvamento de la Regi\u00f3n de Murcia atender\u00e1 cualquier incendio que se produzca dentro de su \u00e1mbito de actuaci\u00f3n y cuya magnitud sea suficiente para tener que acudir al lugar, pero tomando las medidas oportunas usted puede hacer que no se produzca. Usted puede hacer antes de que se<\/p>\n","protected":false},"author":1,"featured_media":0,"parent":4423,"menu_order":0,"comment_status":"open","ping_status":"closed","template":"","meta":{"footnotes":""},"class_list":["post-4458","page","type-page","status-publish","hentry"],"_links":{"self":[{"href":"https:\/\/www.ceismurcia.org\/index.php?rest_route=\/wp\/v2\/pages\/4458","targetHints":{"allow":["GET"]}}],"collection":[{"href":"https:\/\/www.ceismurcia.org\/index.php?rest_route=\/wp\/v2\/pages"}],"about":[{"href":"https:\/\/www.ceismurcia.org\/index.php?rest_route=\/wp\/v2\/types\/page"}],"author":[{"embeddable":true,"href":"https:\/\/www.ceismurcia.org\/index.php?rest_route=\/wp\/v2\/users\/1"}],"replies":[{"embeddable":true,"href":"https:\/\/www.ceismurcia.org\/index.php?rest_route=%2Fwp%2Fv2%2Fcomments&post=4458"}],"version-history":[{"count":4,"href":"https:\/\/www.ceismurcia.org\/index.php?rest_route=\/wp\/v2\/pages\/4458\/revisions"}],"predecessor-version":[{"id":6504,"href":"https:\/\/www.ceismurcia.org\/index.php?rest_route=\/wp\/v2\/pages\/4458\/revisions\/6504"}],"up":[{"embeddable":true,"href":"https:\/\/www.ceismurcia.org\/index.php?rest_route=\/wp\/v2\/pages\/4423"}],"wp:attachment":[{"href":"https:\/\/www.ceismurcia.org\/index.php?rest_route=%2Fwp%2Fv2%2Fmedia&parent=4458"}],"curies":[{"name":"wp","href":"https:\/\/api.w.org\/{rel}","templated":true}]}}