{"id":4462,"date":"2015-03-31T22:06:13","date_gmt":"2015-03-31T22:06:13","guid":{"rendered":"http:\/\/178.62.76.205\/CEIS\/?page_id=4462"},"modified":"2015-04-23T21:17:34","modified_gmt":"2015-04-23T21:17:34","slug":"que-hago-en-caso-de-incendio-en-el-hogar","status":"publish","type":"page","link":"https:\/\/www.ceismurcia.org\/?page_id=4462","title":{"rendered":"\u00bfQu\u00e9 hago en caso de incendio en el hogar?"},"content":{"rendered":"<ul class=\"lista_normal\">\n<li>Si Detecta humo o fuego, avise a los bomberos al\u00a0<strong>tel\u00e9fono 1-1-2<\/strong>.<\/li>\n<li>Re\u00fana a todos los ni\u00f1os; no pierda tiempo en vestirlos o desvestirlos; envu\u00e9lvalos con una manta y salga r\u00e1pidamente.<\/li>\n<li>Si hay humo fuera de su habitaci\u00f3n, no salga, cierre la puerta y ponga ropa, s\u00e1banas o toallas en el cerco de la puerta.<\/li>\n<li>Dir\u00edjase hacia una ventana; \u00e1brala ligeramente para recibir aire fresco. Grite. Extienda una s\u00e1bana en se\u00f1al de auxilio. <strong>No<\/strong> salte. Espere a que los bomberos lleguen en su ayuda.<\/li>\n<li>Si ha de salir, y hay humo, respire a trav\u00e9s de un pa\u00f1uelo h\u00famedo.<\/li>\n<li>Avance agachado o a gatas, pegado a la pared.<\/li>\n<li><strong>No<\/strong> utilice ascensores, puede haber un corte de fluido el\u00e9ctrico durante el incendio.<\/li>\n<li>Si su camino est\u00e1 invadido por el humo, vuelva por donde ha venido.<\/li>\n<li>Si el fuego alcanza sus ropas y comienzan a arder, no corra. T\u00edrese al suelo y ruede sobre si mismo.<\/li>\n<li>Si el fuego prende a otra persona pr\u00f3xima a usted, c\u00fabralo totalmente con una manta.<\/li>\n<\/ul>\n","protected":false},"excerpt":{"rendered":"<p>Si Detecta humo o fuego, avise a los bomberos al\u00a0tel\u00e9fono 1-1-2. Re\u00fana a todos los ni\u00f1os; no pierda tiempo en vestirlos o desvestirlos; envu\u00e9lvalos con una manta y salga r\u00e1pidamente. Si hay humo fuera de su habitaci\u00f3n, no salga, cierre la puerta y ponga ropa, s\u00e1banas o toallas en el cerco de la puerta. Dir\u00edjase<\/p>\n","protected":false},"author":1,"featured_media":0,"parent":4423,"menu_order":0,"comment_status":"open","ping_status":"closed","template":"","meta":{"footnotes":""},"class_list":["post-4462","page","type-page","status-publish","hentry"],"_links":{"self":[{"href":"https:\/\/www.ceismurcia.org\/index.php?rest_route=\/wp\/v2\/pages\/4462","targetHints":{"allow":["GET"]}}],"collection":[{"href":"https:\/\/www.ceismurcia.org\/index.php?rest_route=\/wp\/v2\/pages"}],"about":[{"href":"https:\/\/www.ceismurcia.org\/index.php?rest_route=\/wp\/v2\/types\/page"}],"author":[{"embeddable":true,"href":"https:\/\/www.ceismurcia.org\/index.php?rest_route=\/wp\/v2\/users\/1"}],"replies":[{"embeddable":true,"href":"https:\/\/www.ceismurcia.org\/index.php?rest_route=%2Fwp%2Fv2%2Fcomments&post=4462"}],"version-history":[{"count":2,"href":"https:\/\/www.ceismurcia.org\/index.php?rest_route=\/wp\/v2\/pages\/4462\/revisions"}],"predecessor-version":[{"id":6509,"href":"https:\/\/www.ceismurcia.org\/index.php?rest_route=\/wp\/v2\/pages\/4462\/revisions\/6509"}],"up":[{"embeddable":true,"href":"https:\/\/www.ceismurcia.org\/index.php?rest_route=\/wp\/v2\/pages\/4423"}],"wp:attachment":[{"href":"https:\/\/www.ceismurcia.org\/index.php?rest_route=%2Fwp%2Fv2%2Fmedia&parent=4462"}],"curies":[{"name":"wp","href":"https:\/\/api.w.org\/{rel}","templated":true}]}}